ate the remainder when 333556726 is divided by 24.
22
What is the remainder when 8096239 is divided by 75?
64
Calculate the remainder when 245055642 is divided by 8407.
8406
Calculate the remainder when 778155 is divided by 3163.
57
What is the remainder when 362595 is divided by 123?
114
What is the remainder when 80978 is divided by 40485?
8
Calculate the remainder when 11515233 is divided by 2878779.
117
Calculate the remainder when 519044 is divided by 438.
14
What is the remainder when 3075382 is divided by 106041?
193
Calculate the remainder when 81872 is divided by 8945.
1367
Calculate the remainder when 37471916 is divided by 40.
36
Calculate the remainder when 2063402 is divided by 687798.
8
What is the remainder when 67407 is divided by 1674?
447
Calculate the remainder when 63075387 is divided by 4505384.
11
What is the remainder when 362122 is divided by 117172?
10606
Calculate the remainder when 40002971 is divided by 24.
11
What is the remainder when 19576863 is divided by 184?
183
What is the remainder when 773314 is divided by 64441?
22
What is the remainder when 2245 is divided by 935?
375
Calculate the remainder when 194141 is divided by 47416.
4477
What is the remainder when 221300 is divided by 2950?
50
Calculate the remainder when 5596137 is divided by 2798066.
5
What is the remainder when 68278969 is divided by 4?
1
Calculate the remainder when 268229 is divided by 1293.
578
What is the remainder when 11027 is divided by 72?
11
Calculate the remainder when 28821012 is divided by 10102.
6
Calculate the remainder when 41089310 is divided by 111.
107
Calculate the remainder when 10327214 is divided by 5.
4
Calculate the remainder when 10040291 is divided by 31773.
23
What is the remainder when 2314943 is divided by 165?
158
What is the remainder when 1216188 is divided by 25?
13
Calculate the remainder when 299337 is divided by 299256.
81
What is the remainder when 195650 is divided by 64982?
704
What is the remainder when 5833502 is divided by 13?
12
What is the remainder when 986342421 is divided by 26?
25
Calculate the remainder when 889388 is divided by 994.
752
Calculate the remainder when 606481 is divided by 3244.
3097
What is the remainder when 77801 is divided by 59?
39
What is the remainder when 2352125 is divided by 261303?
398
What is the remainder when 33287 is divided by 741?
683
What is the remainder when 27974177 is divided by 52?
49
What is the remainder when 1037286 is divided by 259142?
718
Calculate the remainder when 149857 is divided by 1127.
1093
What is the remainder when 1691019 is divided by 422741?
55
Calculate the remainder when 257801 is divided by 64346.
417
What is the remainder when 9815938 is divided by 45?
43
What is the remainder when 42433820 is divided by 676?
624
What is the remainder when 90542832 is divided by 102?
84
What is the remainder when 1623906 is divided by 10?
6
Calculate the remainder when 105777 is divided by 11728.
225
Calculate the remainder when 2745928 is divided by 2745849.
79
What is the remainder when 3228807 is divided by 974?
971
What is the remainder when 518547 is divided by 185?
177
Calculate the remainder when 5209838 is divided by 2216.
22
Calculate the remainder when 3212556 is divided by 38.
36
What is the remainder when 413754 is divided by 3101?
1321
Calculate the remainder when 893748779 is divided by 73.
70
What is the remainder when 45308248 is divided by 218?
0
Calculate the remainder when 28923673 is divided by 55.
53
Calculate the remainder when 4688304 is divided by 2001.
1962
What is the remainder when 41072 is divided by 40356?
716
Calculate the remainder when 41579 is divided by 1812.
1715
Calculate the remainder when 566553425 is divided by 3783.
3779
Calculate the remainder when 150183 is divided by 1112.
63
Calculate the remainder when 104646484 is divided by 832.
20
What is the remainder when 220089 is divided by 7550?
1139
What is the remainder when 1772069 is divided by 885966?
137
Calculate the remainder when 13985945 is divided by 2061.
2060
What is the remainder when 67876370 is divided by 1741?
3
Calculate the remainder when 362974 is divided by 32994.
40
Calculate the remainder when 266151 is divided by 264516.
1635
Calculate the remainder when 32725381 is divided by 39909.
1
What is the remainder when 157747 is divided by 13?
5
What is the remainder when 316142871 is divided by 4311?
4308
Calculate the remainder when 30800 is divided by 1475.
1300
What is the remainder when 1985104 is divided by 1642?
1568
Calculate the remainder when 1470022877 is divided by 5360.
5357
Calculate the remainder when 7162719 is divided by 2515.
2514
What is the remainder when 172160 is divided by 37?
36
What is the remainder when 1674390 is divided by 41?
32
What is the remainder when 294330 is divided by 666?
624
What is the remainder when 64856519 is divided by 1671?
1667
What is the remainder when 2454219 is divided by 129?
123
What is the remainder when 231236 is divided by 141?
137
Calculate the remainder when 15840450 is divided by 1440039.
21
What is the remainder when 1959679 is divided by 174?
91
Calculate the remainder when 12858 is divided by 3305.
2943
Calculate the remainder when 336616 is divided by 203.
42
What is the remainder when 669605 is divided by 95618?
279
What is the remainder when 471648911 is divided by 112?
111
What is the remainder when 14024534 is divided by 137?
118
What is the remainder when 305490 is divided by 824?
610
What is the remainder when 5460522 is divided by 1922?
120
What is the remainder when 135163 is divided by 541?
454
Calculate the remainder when 431462 is divided by 5198.
28
Calculate the remainder when 146309 is divided by 2877.
2459
Calculate the remainder when 5882701 is divided by 15.
1
What is the remainder when 1742984 is divided by 58088?
344
Calculate the remainder when 144164 is divided by 686.
104
Calculate the remainder when 54129 is divided by 27043.
43
What is the remainder when 4248266 is divided by 3028?
3010
Calculate the remainder when 69491890 is divided by 23163958.
16
What is the remainder when 13011355 is divided by 10?
5
Calculate the remainder when 50457 is divided by 6598.
4271
What is the remainder when 300492 is divided by 143?
49
Calculate the remainder when 396721 is divided by 30508.
117
What is the remainder when 146721 is divided by 72830?
1061
Calculate the remainder when 250162988 is divided by 1870.
1868
Calculate the remainder when 12427181 is divided by 6213585.
11
Calculate the remainder when 231666 is divided by 384.
114
Calculate the remainder when 12065483 is divided by 8.
3
Calculate the remainder when 8071438 is divided by 2017846.
54
What is the remainder when 6055129 is divided by 6055117?
12
What is the remainder when 4313330 is divided by 52?
34
What is the remainder when 7301592 is divided by 163?
7
What is the remainder when 86655 is divided by 6770?
5415
Calculate the remainder when 1977498 is divided by 74.
70
Calculate the remainder when 1525377 is divided by 172.
81
Calculate the remainder when 1474521 is divided by 3830.
3801
Calculate the remainder when 975388 is divided by 643.
600
Calculate the remainder when 195411776 is divided by 20.
16
Calculate the remainder when 815109 is divided by 1024.
5
Calculate the remainder when 9033363 is divided by 246.
243
Calculate the remainder when 304228 is divided by 28.
8
Calculate the remainder when 636044 is divided by 184.
140
Calculate the remainder when 1106266 is divided by 18437.
46
Calculate the remainder when 15057631 is divided by 2509604.
7
Calculate the remainder when 2680007 is divided by 3.
2
Calculate the remainder when 377557 is divided by 1326.
973
What is the remainder when 28381232 is divided by 311?
305
What is the remainder when 772337 is divided by 161?
20
What is the remainder when 226774 is divided by 3890?
1154
Calculate the remainder when 426608 is divided by 1461.
1457
What is the remainder when 6692 is divided by 258?
242
Calculate the remainder when 15496209 is divided by 587.
583
What is the remainder when 736365 is divided by 16734?
69
What is the remainder when 175400790 is divided by 81317?
21
What is the remainder when 1954481 is divided by 969?
8
Calculate the remainder wh